Calculate the greatest common divisor of 44 and 671.
11
Calculate the greatest common factor of 1363 and 58.
29
What is the highest common factor of 146 and 7081?
73
What is the highest common factor of 40 and 125?
5
Calculate the highest common divisor of 6 and 48.
6
Calculate the highest common divisor of 9394 and 308.
154
What is the highest common factor of 1292 and 204?
68
What is the greatest common factor of 3364 and 116?
116
What is the highest common factor of 350 and 20?
10
Calculate the highest common divisor of 8382 and 132.
66
Calculate the highest common divisor of 320 and 3160.
40
Calculate the greatest common factor of 364 and 1988.
28
Calculate the highest common factor of 4141 and 123.
41
Calculate the highest common divisor of 220 and 160.
20
What is the highest common divisor of 377 and 1943?
29
What is the greatest common divisor of 142 and 781?
71
What is the greatest common divisor of 406 and 392?
14
What is the highest common factor of 8711 and 155?
31
What is the highest common divisor of 60 and 23670?
30
Calculate the highest common divisor of 800 and 96.
32
What is the greatest common factor of 146 and 1898?
146
Calculate the highest common factor of 3375 and 54.
27
What is the highest common factor of 1479 and 78?
3
Calculate the greatest common factor of 84490 and 142.
142
What is the highest common divisor of 8 and 28?
4
What is the greatest common divisor of 166 and 12699?
83
What is the highest common factor of 14 and 2?
2
Calculate the highest common divisor of 128 and 2752.
64
What is the highest common divisor of 70 and 49?
7
Calculate the greatest common factor of 606 and 1.
1
What is the highest common divisor of 54 and 351?
27
What is the greatest common divisor of 358 and 4?
2
Calculate the highest common divisor of 54 and 102.
6
What is the highest common factor of 8 and 114?
2
What is the highest common factor of 133768 and 184?
184
What is the greatest common divisor of 24905 and 85?
85
Calculate the highest common factor of 235 and 25.
5
What is the highest common divisor of 1332 and 481?
37
Calculate the greatest common factor of 221 and 52.
13
What is the greatest common divisor of 96 and 768?
96
Calculate the greatest common divisor of 63 and 27.
9
Calculate the greatest common divisor of 826 and 295.
59
Calculate the greatest common divisor of 252 and 156.
12
What is the highest common factor of 34368 and 192?
192
What is the highest common divisor of 9 and 357?
3
Calculate the highest common divisor of 133 and 57.
19
What is the highest common divisor of 100 and 3275?
25
What is the greatest common divisor of 22 and 38?
2
Calculate the highest common divisor of 70 and 1015.
35
Calculate the greatest common divisor of 42 and 322.
14
What is the greatest common divisor of 45 and 345?
15
What is the greatest common factor of 12 and 36?
12
Calculate the highest common divisor of 228 and 76.
76
What is the highest common factor of 11 and 803?
11
Calculate the greatest common divisor of 726 and 264.
66
Calculate the highest common factor of 27 and 4077.
27
Calculate the greatest common divisor of 6 and 27.
3
What is the greatest common divisor of 1125 and 300?
75
Calculate the greatest common factor of 12 and 3516.
12
Calculate the highest common divisor of 585 and 520.
65
What is the highest common factor of 31 and 62186?
31
What is the greatest common factor of 117 and 286?
13
Calculate the highest common factor of 391 and 920.
23
What is the highest common divisor of 2278 and 268?
134
Calculate the greatest common factor of 279 and 124.
31
Calculate the highest common divisor of 1067 and 11.
11
What is the highest common factor of 286 and 364?
26
Calculate the highest common factor of 51 and 1581.
51
Calculate the highest common factor of 1501 and 79.
79
What is the greatest common divisor of 123 and 4223?
41
What is the greatest common divisor of 8 and 196?
4
What is the greatest common factor of 1212 and 12?
12
What is the highest common divisor of 24 and 15?
3
Calculate the highest common divisor of 84 and 2.
2
What is the greatest common factor of 798 and 42?
42
What is the highest common factor of 18 and 186?
6
What is the highest common factor of 432 and 400?
16
What is the highest common divisor of 1078 and 490?
98
Calculate the greatest common factor of 117 and 27.
9
Calculate the highest common divisor of 1872 and 496.
16
What is the greatest common divisor of 1133 and 206?
103
What is the highest common factor of 36 and 8?
4
Calculate the highest common factor of 150 and 7575.
75
What is the highest common factor of 2494 and 522?
58
What is the highest common divisor of 536 and 600?
8
What is the highest common factor of 1 and 834?
1
What is the highest common divisor of 2 and 10?
2
What is the highest common divisor of 13359 and 219?
219
Calculate the highest common factor of 33 and 6875.
11
Calculate the greatest common factor of 3915 and 667.
29
What is the greatest common factor of 961 and 527?
31
What is the greatest common divisor of 256 and 88?
8
Calculate the highest common factor of 162 and 17334.
162
What is the highest common divisor of 1595 and 99?
11
What is the greatest common divisor of 872 and 144?
8
What is the highest common factor of 3658 and 1488?
62
What is the highest common divisor of 126 and 434?
14
Calculate the highest common divisor of 3382 and 38.
38
What is the highest common factor of 8180 and 20?
20
Calculate the highest common divisor of 16733 and 29.
29
What is the greatest common divisor of 954 and 45?
9
Calculate the highest common divisor of 273 and 1134.
21
What is the highest common divisor of 894 and 189?
3
What is the highest common factor of 1694 and 616?
154
What is the highest common divisor of 4744 and 8?
8
Calculate the highest common divisor of 918 and 30.
6
What is the greatest common divisor of 2674 and 42?
14
What is the greatest common factor of 46 and 5750?
46
Calculate the greatest common divisor of 38 and 304.
38
Calculate the highest common divisor of 25 and 2315.
5
What is the highest common factor of 70 and 854?
14
What is the greatest common factor of 852 and 24?
12
Calculate the highest common divisor of 462 and 14.
14
Calculate the highest common factor of 63 and 539.
7
Calculate the greatest common divisor of 170 and 90.
10
What is the highest common divisor of 990 and 77?
11
Calculate the highest common factor of 20 and 110.
10
Calculate the greatest common factor of 1710 and 893.
19
What is the highest common factor of 60 and 2740?
20
Calculate the highest common divisor of 2520 and 224.
56
What is the greatest common divisor of 30 and 405?
15
What is the greatest common factor of 39 and 2483?
13
Calculate the highest common factor of 18 and 1314.
18
What is the highest common factor of 609 and 63?
21
Calculate the highest common divisor of 35 and 469.
7
Calculate the highest common factor of 247 and 507.
13
What is the greatest common divisor of 16009 and 28?
7
Calculate the highest common factor of 760 and 21470.
190
Calculate the greatest common factor of 2183 and 37.
37
Calculate the greatest common divisor of 36 and 3292.
4
What is the greatest common divisor of 507 and 559?
13
Calculate the highest common factor of 15952 and 16.
16
Calculate the greatest common divisor of 728 and 2678.
26
Calculate the highest common divisor of 140 and 670.
10
Calculate the greatest common factor of 31416 and 132.
132
What is the greatest common factor of 1311 and 2001?
69
Calculate the highest common divisor of 5236 and 374.
374
What is the highest common factor of 24 and 264?
24
Calculate the greatest common divisor of 192 and 336.
48
What is the highest common divisor of 289 and 323?
17
Calculate the greatest common divisor of 2848 and 89.
89
What is the greatest common factor of 20 and 170?
10
What is the highest common factor of 18 and 1242?
18
What is the highest common divisor of 70 and 1295?
35
Calculate the greatest common factor of 80 and 1960.
40
What is the highest common divisor of 559 and 43?
43
What is the highest common divisor of 767 and 13?
13
What is the highest common divisor of 294 and 3969?
147
Calculate the highest common divisor of 3809 and 39.
13
What is the highest common factor of 1457 and 2303?
47
Calculate